nder when 11391 is divided by 44.
39
What is the remainder when 686 is divided by 70?
56
What is the remainder when 8 is divided by 3?
2
What is the remainder when 227 is divided by 47?
39
What is the remainder when 510 is divided by 105?
90
Calculate the remainder when 2518 is divided by 127.
105
What is the remainder when 237 is divided by 46?
7
Calculate the remainder when 114 is divided by 15.
9
What is the remainder when 137 is divided by 22?
5
Calculate the remainder when 3298 is divided by 165.
163
Calculate the remainder when 832 is divided by 76.
72
What is the remainder when 435 is divided by 30?
15
What is the remainder when 135 is divided by 49?
37
Calculate the remainder when 111 is divided by 44.
23
Calculate the remainder when 2909 is divided by 41.
39
Calculate the remainder when 146 is divided by 50.
46
Calculate the remainder when 306 is divided by 10.
6
Calculate the remainder when 8551 is divided by 59.
55
What is the remainder when 14501 is divided by 4831?
8
What is the remainder when 1641 is divided by 110?
101
What is the remainder when 141 is divided by 36?
33
Calculate the remainder when 182 is divided by 6.
2
Calculate the remainder when 639 is divided by 72.
63
Calculate the remainder when 30 is divided by 13.
4
What is the remainder when 822 is divided by 103?
101
Calculate the remainder when 2168 is divided by 18.
8
What is the remainder when 52 is divided by 16?
4
What is the remainder when 1273 is divided by 64?
57
What is the remainder when 5823 is divided by 208?
207
Calculate the remainder when 573 is divided by 116.
109
What is the remainder when 551 is divided by 135?
11
What is the remainder when 35 is divided by 20?
15
Calculate the remainder when 40622 is divided by 11.
10
Calculate the remainder when 231 is divided by 73.
12
Calculate the remainder when 1858 is divided by 11.
10
Calculate the remainder when 320 is divided by 91.
47
What is the remainder when 1431 is divided by 357?
3
Calculate the remainder when 53859 is divided by 6.
3
Calculate the remainder when 5809 is divided by 14.
13
Calculate the remainder when 618 is divided by 206.
0
Calculate the remainder when 2260 is divided by 58.
56
What is the remainder when 65459 is divided by 60?
59
What is the remainder when 1442 is divided by 76?
74
Calculate the remainder when 399 is divided by 15.
9
Calculate the remainder when 464 is divided by 35.
9
Calculate the remainder when 327 is divided by 7.
5
Calculate the remainder when 346 is divided by 49.
3
Calculate the remainder when 3498 is divided by 175.
173
Calculate the remainder when 340 is divided by 66.
10
What is the remainder when 83 is divided by 14?
13
Calculate the remainder when 562 is divided by 99.
67
Calculate the remainder when 2321 is divided by 7.
4
Calculate the remainder when 223 is divided by 20.
3
Calculate the remainder when 52 is divided by 3.
1
What is the remainder when 59 is divided by 34?
25
Calculate the remainder when 116 is divided by 49.
18
Calculate the remainder when 157 is divided by 79.
78
Calculate the remainder when 445 is divided by 169.
107
What is the remainder when 439 is divided by 148?
143
What is the remainder when 943 is divided by 63?
61
What is the remainder when 717 is divided by 717?
0
Calculate the remainder when 5278 is divided by 80.
78
What is the remainder when 750 is divided by 29?
25
What is the remainder when 17343 is divided by 16?
15
What is the remainder when 139 is divided by 14?
13
What is the remainder when 413 is divided by 404?
9
What is the remainder when 39 is divided by 34?
5
Calculate the remainder when 81 is divided by 17.
13
Calculate the remainder when 566 is divided by 71.
69
Calculate the remainder when 93 is divided by 81.
12
Calculate the remainder when 552 is divided by 145.
117
Calculate the remainder when 397 is divided by 101.
94
What is the remainder when 146 is divided by 77?
69
What is the remainder when 44799 is divided by 35?
34
Calculate the remainder when 217 is divided by 17.
13
Calculate the remainder when 634 is divided by 159.
157
Calculate the remainder when 3101 is divided by 14.
7
What is the remainder when 2396 is divided by 16?
12
What is the remainder when 1313 is divided by 59?
15
What is the remainder when 279 is divided by 6?
3
Calculate the remainder when 260 is divided by 121.
18
Calculate the remainder when 77 is divided by 14.
7
Calculate the remainder when 1559 is divided by 160.
119
Calculate the remainder when 213 is divided by 46.
29
Calculate the remainder when 527 is divided by 24.
23
What is the remainder when 6906 is divided by 141?
138
Calculate the remainder when 213 is divided by 17.
9
What is the remainder when 509 is divided by 49?
19
What is the remainder when 47 is divided by 39?
8
What is the remainder when 105 is divided by 16?
9
Calculate the remainder when 86 is divided by 23.
17
What is the remainder when 109 is divided by 19?
14
Calculate the remainder when 9687 is divided by 85.
82
What is the remainder when 2037 is divided by 23?
13
What is the remainder when 89 is divided by 6?
5
Calculate the remainder when 75 is divided by 30.
15
Calculate the remainder when 174 is divided by 59.
56
Calculate the remainder when 752 is divided by 29.
27
Calculate the remainder when 62 is divided by 44.
18
What is the remainder when 953 is divided by 28?
1
Calculate the remainder when 3916 is divided by 87.
1
What is the remainder when 86 is divided by 18?
14
Calculate the remainder when 109 is divided by 10.
9
Calculate the remainder when 298 is divided by 75.
73
Calculate the remainder when 131 is divided by 36.
23
Calculate the remainder when 702 is divided by 144.
126
What is the remainder when 482 is divided by 272?
210
Calculate the remainder when 688 is divided by 115.
113
Calculate the remainder when 311 is divided by 21.
17
What is the remainder when 375 is divided by 43?
31
Calculate the remainder when 124 is divided by 16.
12
What is the remainder when 136 is divided by 53?
30
What is the remainder when 8055 is divided by 4023?
9
Calculate the remainder when 2185 is divided by 361.
19
What is the remainder when 838 is divided by 32?
6
Calculate the remainder when 420 is divided by 159.
102
Calculate the remainder when 118 is divided by 5.
3
What is the remainder when 209 is divided by 68?
5
What is the remainder when 71 is divided by 25?
21
What is the remainder when 140 is divided by 24?
20
Calculate the remainder when 194 is divided by 39.
38
What is the remainder when 142 is divided by 67?
8
What is the remainder when 97 is divided by 24?
1
Calculate the remainder when 187 is divided by 47.
46
What is the remainder when 1059 is divided by 26?
19
What is the remainder when 510 is divided by 42?
6
Calculate the remainder when 225 is divided by 74.
3
What is the remainder when 30 is divided by 17?
13
Calculate the remainder when 235 is divided by 27.
19
Calculate the remainder when 175 is divided by 68.
39
Calculate the remainder when 19 is divided by 6.
1
Calculate the remainder when 153 is divided by 27.
18
What is the remainder when 75 is divided by 16?
11
What is the remainder when 438 is divided by 15?
3
Calculate the remainder when 973 is divided by 13.
11
Calculate the remainder when 672 is divided by 45.
42
Calculate the remainder when 12346 is divided by 294.
292
Calculate the remainder when 242 is divided by 121.
0
What is the remainder when 4352 is divided by 65?
62
Calculate the remainder when 548 is divided by 77.
9
What is the remainder when 15467 is divided by 12?
11
Calculate the remainder when 2185 is divided by 129.
121
Calculate the remainder when 240 is divided by 139.
101
What is the remainder when 326 is divided by 41?
39
What is the remainder when 221 is divided by 48?
29
What is the remainder when 2377 is divided by 769?
70
Calculate the remainder when 71 is divided by 24.
23
Calculate the remainder when 584 is divided by 15.
14
What is the remainder when 68 is divided by 14?
12
What is the remainder when 523 is divided by 21?
19
Calculate the remainder when 944 is divided by 159.
149
What is the remainder when 782 is divided by 42?
26
Calculate the remainder when 4897 is divided by 196.
193
What is the remainder when 228 is divided by 21?
18
What 